4/18*(-2 - -26) + 6 is divided by o/((-9)/60 + 0)?
18
Let f be (-616)/(-70) + 2/10. What is the remainder when 101 is divided by (f - 760/24)*6/(-4)?
33
Suppose 2*s = -3*n + 1028, -3*s - 14*n + 1523 = -19*n. Calculate the remainder when 530 is divided by s.
19
Suppose -4*w + 2*q + 3*q = -1845, -4*w + 2*q + 1842 = 0. Suppose 6*a + 208 = w. Suppose 0*z + 60 = 4*z. What is the remainder when a is divided by z?
12
Suppose -6*h = -21*h + 15. Calculate the remainder when 60 is divided by (-20)/(-5) - (h + -6).
6
Suppose -95*q - 12783 = -34158. Calculate the remainder when 1075 is divided by q.
175
Let c = 29 - 27. Let z(p) = -116 + 13*p + 3*p**3 - 4*p**2 - 3*p**c + 110 - 2*p**3. Calculate the remainder when 176 is divided by z(6).
32
Suppose -13*h + 7*h - 10*h = -89824. Calculate the remainder when h is divided by 18.
16
Suppose -22*g = -5661 - 47513. Calculate the remainder when g is divided by 599.
21
Suppose 3*m = -5*z + 118, 0*m - 3*z = -m + 16. Let d = m + -24. Suppose -f = 2*s - 44, -5*s = d + 13. Calculate the remainder when f is divided by 18.
16
Suppose 0 = -61*r + 65*r - 68. Suppose r*h = 18 + 152. What is the remainder when 387 is divided by h?
7
Let w(c) be the second derivative of 2*c**4/3 + c**3/6 - 4*c**2 + c - 2. What is the remainder when w(2) is divided by 7?
5
Let d be (-1)/1 + -3 - -21. Suppose 1 - 2 = -2*h + p, 4*h - 5*p - d = 0. Let n(a) = 7*a**2 - a - 1. What is the remainder when n(h) is divided by 17?
12
Let b be (5/(-10))/((-2)/20). Suppose -5*p + 8*p - 223 = -4*o, -4*p + 298 = b*o. Calculate the remainder when p is divided by 5.
2
Suppose 0 = 2*n - t - 292, 3*t + 286 = 3*n - 149. Let j be ((-3780)/21)/((-2)/19). Let w = -1672 + j. Calculate the remainder when n is divided by w.
33
Suppose s + c = 1, -c = -5*s - 16 - 9. Let g(v) = -v**3 - v**2 + v - 9. Suppose -2*x - x + 18 = 0. What is the remainder when g(s) is divided by x?
5
Suppose -36 = -t + 3*r, 5*r + 86 = 4*t - 72. Suppose t*j - 8536 = 28130. What is the remainder when j is divided by 19?
18
Suppose 2*b + 4818 = 4*n - 1722, 2*n + 3286 = -b. What is the remainder when b/(-88)*(3 - -1) is divided by 25?
24
Let u(y) = -42*y**2 - 3*y + 1. Let r be u(-2). Let b = -79 - r. Calculate the remainder when 119 is divided by (-4*b/(-20)*-5)/(-2).
37
Let v(t) = 16 - t**3 + 8 + 8*t + 39*t**2 - 7*t - 20*t**2. Calculate the remainder when 162 is divided by v(19).
33
Suppose 5*m - 4*o - 12 = 0, o + 9 = -2*m - 2*o. Suppose -24*b + 17*b + 21 = m. What is the remainder when 49 is divided by b?
1
Let r be 39/(-5) + 1/(-5). Let z(n) = 3 + 10 - 9*n - 19*n**2 + 28*n**2 - 10*n**2. What is the remainder when z(r) is divided by 16?
5
Let l = 1055 - 593. What is the remainder when (7 - (-8 + l))*-1 is divided by 14?
13
Let z(a) = -a**2 + 8*a - 9. Let k be 2/2*5*(-21)/(-15). Let j be z(k). What is the remainder when 43 is divided by -2*(j + 1) - (-24 + 3)?
20
Let k be ((-4)/(-6))/((-17)/(-3366)). Suppose 52 - k = -5*c. Calculate the remainder when 154 is divided by c.
10
Let t(h) = -3*h**2 + 5*h**2 - 9 - 13 + 26 + 20*h. Let v be t(-10). Suppose -9*k + 13 = v*k. What is the remainder when 2 is divided by k?
0
Let s(m) be the first derivative of -m**4/4 - 4*m**3 + 11*m**2/2 + 22*m + 87. Calculate the remainder when 431 is divided by s(-13).
47
Let f = 8765 - 8750. Calculate the remainder when 2502 is divided by f.
12
Let s = 111202 + -111184. Let k = 2 - 1. Let q(u) = 47*u. Calculate the remainder when q(k) is divided by s.
11
Let x(y) = -227*y + 267. What is the remainder when 83 is divided by x(1)?
3
Let a(v) = -4*v - 58. Let w(c) = -c**2 - 4*c + 30. Let y be w(-10). Let s(d) = d**3 + 7*d**2 - 10*d + 5. Calculate the remainder when a(y) is divided by s(-8).
20
Let u(s) be the first derivative of 2*s**3/3 + s**2 + 4*s - 10. What is the remainder when u(-4) is divided by 122/(-915) + 454/30?
13
Suppose 24*s - 59 = 97 + 12. What is the remainder when 11276 is divided by s?
6
Let x be (84/8 - 2)*2. Let q = x - 18. What is the remainder when 58 is divided by q*68/(-16) + (-2)/8?
2
Let z = -608 + 601. Let l(v) = -32*v - 222. Calculate the remainder when 5 is divided by l(z).
1
Let q = -5 - -2. Let d be 8/(-6)*q - 24. What is the remainder when 588/16 + 15/d is divided by 10?
6
Suppose -9*o - 660 = -15*o. Let k = o + -107. Calculate the remainder when 36 is divided by k.
0
Let h be 1*(-1 + (1 - (-3 - -3))). Suppose -9*o + 51 + 129 = h. Let k = -25 - -63. Calculate the remainder when k is divided by o.
18
Let b(v) = 2*v**3 + 51*v**2 + 155*v + 33. Suppose -2*p - 2*p - 3*y + 109 = 0, -4*p + 116 = -4*y. What is the remainder when p is divided by b(-22)?
6
Suppose -2*z = -5*g + 12711, 268*g - 7633 = 265*g - 2*z. Calculate the remainder when g is divided by 37.
27
Suppose 91*s + 161 = 98*s. Let k = s - -16. Calculate the remainder when 77 is divided by k.
38
Let y(o) = -57*o**2 - 298*o + 5. Calculate the remainder when y(-5) is divided by 37.
33
Let r(y) = 26*y - 5. Let t(m) = m. Let q(k) = -r(k) - t(k). Let f be q(-2). Suppose 3*i = 73 + f. Calculate the remainder when i is divided by 23.
21
Suppose 31*c + 97 = 32*c - 4*j, -2*j - 206 = -2*c. What is the remainder when c is divided by 19?
10
Let h(v) = -23*v**2 + 12*v - 59. Let q be h(6). Let t be 4 - (1 - (-6)/3). What is the remainder when -2*t/(-8) + q/(-20) is divided by 11?
8
Let p(z) = 123*z**2 + z. Let u(w) = 91*w + 10992. What is the remainder when p(-1) is divided by u(-120)?
50
Let t = -173 - -300. Suppose 3*k = -0*n + 2*n - 25, 3*k - 23 = -4*n. What is the remainder when t is divided by n?
7
Let o(m) = 5*m**2 - 44*m + 22. Let q be 332/11 - (-4)/(-22). Calculate the remainder when 138*5/q*4 is divided by o(9).
30
Suppose 9*w - 10 - 17 = 0. Suppose -5*j - 4*y + 26 + 142 = 0, w*j + 2*y - 100 = 0. Let f = 150 + -23. What is the remainder when f is divided by j?
31
Suppose -36*h + 152125 = -6*h + 95*h. What is the remainder when h is divided by 68?
61
Suppose 3*l - 38 = -4*z, -3*l + 2 = 5*z - 44. Let j = 128 + -76. Suppose j + 44 = z*n. What is the remainder when 23 is divided by n?
11
Let z(x) = x**2 + 5*x - 4. What is the remainder when -8*2*(1 - (-584)/128)*-2 is divided by z(3)?
18
Suppose -74*h - 157*h + 29*h = -4646. Calculate the remainder when 1073 is divided by h.
15
Suppose 27*p - 354 = 507 - 294. Let z = -15 - -175. Calculate the remainder when z is divided by p.
13
Let t(s) = -s**2 + 20*s - 33. Let a be (-201)/6 + 2/(-4). Let h = a - -44. What is the remainder when t(h) is divided by 35?
32
Let v be -3 - (-84 + 6 + 0). Let m = 35 + 35. Calculate the remainder when m is divided by (-3)/((-9)/v) - (1 - 0).
22
Suppose -3*p - 248 = -3*f - 11, 193 = -2*p - 5*f. Let n = 97 + p. What is the remainder when 31 is divided by n?
5
Suppose -227*y = -2732 - 964 - 6746. What is the remainder when 377 is divided by y?
9
Let g(p) = 2*p. Let r be g(-9). Let k = 21 - r. Calculate the remainder when 41 is divided by (-1)/(-2)*(-9 + k).
11
Let r(d) = -6*d**2 - 136*d - 24. Calculate the remainder when r(-18) is divided by 3.
0
Suppose -447 = 10*d - 1387. Let h = d - 58. Calculate the remainder when 1 + 106 - 0/(-2) is divided by h.
35
Let b(i) = -2*i**3 - 3*i**2 - 3*i + 17. Let c be b(4). Calculate the remainder when 32/(-12)*c/12 is divided by 8.
6
What is the remainder when (-2)/(-4)*(-49 - -2389) is divided by 23?
20
Suppose 45 = 5*w - 5*o, -39 = -3*w - 0*o - o. Calculate the remainder when 50 is divided by (-15)/(45/w) + 39.
15
Let w = -19094 - -21675. What is the remainder when w is divided by 55?
51
Suppose -4*u = -5*n - 4678 + 51781, -9394 = -n - 3*u. Calculate the remainder when n is divided by 17.
14
Let v be (0 + 0)/(5 + -4). Suppose 0 = 4*f - 2*g - 0 + 4, v = 3*f + 3*g - 15. Calculate the remainder when 40 is divided by 7 - (f - 4)/(-3).
4
Let p = -673 - -692. What is the remainder when 219 is divided by p?
10
Let d(c) = 2*c**2 - 226*c + 1100. Calculate the remainder when 53 is divided by d(5).
13
Suppose -5*y = -13*y - 48*y + 1400. What is the remainder when 2668 is divided by y?
18
Suppose -5*y - 2*c = -271, 0*c + 5*c + 197 = 4*y. Calculate the remainder when y is divided by -7 - (315/18)/((-1)/2).
25
Suppose -38*r - 34*r - 165 = -1461. What is the remainder when 196 is divided by r?
16
Suppose -4948 = 29*y - 60*y + 27*y. What is the remainde